 the prime factors of 310?
2, 5, 31
List the prime factors of 26893.
26893
List the prime factors of 18136.
2, 2267
List the prime factors of 9786.
2, 3, 7, 233
What are the prime factors of 16710?
2, 3, 5, 557
List the prime factors of 6023.
19, 317
What are the prime factors of 20624?
2, 1289
What are the prime factors of 3140?
2, 5, 157
What are the prime factors of 56964?
2, 3, 47, 101
What are the prime factors of 35701?
19, 1879
List the prime factors of 35213.
23, 1531
List the prime factors of 282.
2, 3, 47
List the prime factors of 6727.
7, 31
What are the prime factors of 59322?
2, 3, 9887
List the prime factors of 27283.
27283
What are the prime factors of 5194?
2, 7, 53
What are the prime factors of 848?
2, 53
What are the prime factors of 510?
2, 3, 5, 17
What are the prime factors of 1991?
11, 181
What are the prime factors of 3578?
2, 1789
List the prime factors of 1282.
2, 641
List the prime factors of 199.
199
List the prime factors of 1430.
2, 5, 11, 13
List the prime factors of 5439.
3, 7, 37
What are the prime factors of 2052?
2, 3, 19
What are the prime factors of 1642?
2, 821
What are the prime factors of 1550?
2, 5, 31
List the prime factors of 2068.
2, 11, 47
List the prime factors of 6236.
2, 1559
What are the prime factors of 29710?
2, 5, 2971
List the prime factors of 1421.
7, 29
What are the prime factors of 842?
2, 421
List the prime factors of 7650.
2, 3, 5, 17
List the prime factors of 133259.
7, 19037
What are the prime factors of 9902?
2, 4951
List the prime factors of 827.
827
List the prime factors of 98558.
2, 49279
List the prime factors of 2422.
2, 7, 173
What are the prime factors of 55314?
2, 3, 7, 439
What are the prime factors of 20257?
47, 431
List the prime factors of 3529.
3529
List the prime factors of 105.
3, 5, 7
What are the prime factors of 103274?
2, 51637
What are the prime factors of 8403?
3, 2801
List the prime factors of 1194.
2, 3, 199
What are the prime factors of 44144?
2, 31, 89
What are the prime factors of 59494?
2, 151, 197
List the prime factors of 133809.
3, 13, 47, 73
What are the prime factors of 11661?
3, 13, 23
List the prime factors of 64673.
7, 9239
What are the prime factors of 3893?
17, 229
List the prime factors of 768.
2, 3
List the prime factors of 4529.
7, 647
List the prime factors of 665.
5, 7, 19
What are the prime factors of 24774?
2, 3, 4129
List the prime factors of 174335.
5, 7, 17, 293
List the prime factors of 23135.
5, 7, 661
What are the prime factors of 23967?
3, 2663
List the prime factors of 2638.
2, 1319
What are the prime factors of 53804?
2, 13451
What are the prime factors of 18082?
2, 9041
What are the prime factors of 6653?
6653
What are the prime factors of 21942?
2, 3, 23, 53
List the prime factors of 447.
3, 149
List the prime factors of 183025.
5, 7321
What are the prime factors of 3729?
3, 11, 113
What are the prime factors of 1984?
2, 31
List the prime factors of 69.
3, 23
What are the prime factors of 6887?
71, 97
List the prime factors of 769.
769
List the prime factors of 3997.
7, 571
What are the prime factors of 10099?
10099
What are the prime factors of 28326?
2, 3, 4721
What are the prime factors of 930?
2, 3, 5, 31
List the prime factors of 1753.
1753
What are the prime factors of 22863?
3, 7621
List the prime factors of 115625.
5, 37
List the prime factors of 16190.
2, 5, 1619
What are the prime factors of 1125?
3, 5
List the prime factors of 30579.
3, 10193
What are the prime factors of 1099?
7, 157
List the prime factors of 1505.
5, 7, 43
List the prime factors of 115.
5, 23
What are the prime factors of 50109?
3, 16703
List the prime factors of 2249.
13, 173
What are the prime factors of 6529?
6529
List the prime factors of 59022.
2, 3, 1093
List the prime factors of 44738.
2, 22369
What are the prime factors of 2717?
11, 13, 19
List the prime factors of 781.
11, 71
List the prime factors of 334.
2, 167
List the prime factors of 582.
2, 3, 97
List the prime factors of 1252.
2, 313
What are the prime factors of 27705?
3, 5, 1847
List the prime factors of 5961.
3, 1987
List the prime factors of 4387.
41, 107
What are the prime factors of 5313?
3, 7, 11, 23
List the prime factors of 71.
71
What are the prime factors of 10310?
2, 5, 1031
List the prime factors of 5441.
5441
What are the prime factors of 8?
2
What are the prime factors of 1301?
1301
What are the prime factors of 56186?
2, 13, 2161
What are the prime factors of 7493?
59, 127
What are the prime factors of 76234?
2, 47, 811
What are the prime factors of 482?
2, 241
List the prime factors of 419.
419
List the prime factors of 392.
2, 7
What are the prime factors of 104477?
191, 547
List the prime factors of 11855.
5, 2371
List the prime factors of 126105.
3, 5, 7, 1201
What are the prime factors of 28560?
2, 3, 5, 7, 17
List the prime factors of 11096.
2, 19, 73
What are the prime factors of 8144?
2, 509
What are the prime factors of 755?
5, 151
List the prime factors of 133760.
2, 5, 11, 19
List the prime factors of 1438.
2, 719
List the prime factors of 6692.
2, 7, 239
List the prime factors of 4886.
2, 7, 349
List the prime factors of 474.
2, 3, 79
List the prime factors of 3080.
2, 5, 7, 11
List the prime factors of 30193.
109, 277
What are the prime factors of 179?
179
What are the prime factors of 16928?
2, 23
What are the prime factors of 913?
11, 83
List the prime factors of 1416.
2, 3, 59
List the prime factors of 3686.
2, 19, 97
What are the prime factors of 642?
2, 3, 107
What are the prime factors of 3579?
3, 1193
List the prime factors of 62509.
17, 3677
List the prime factors of 865.
5, 173
List the prime factors of 1892.
2, 11, 43
What are the prime factors of 248?
2, 31
What are the prime factors of 1257?
3, 419
List the prime factors of 8750.
2, 5, 7
What are the prime factors of 12368?
2, 773
What are the prime factors of 4093?
4093
What are the prime factors of 10355?
5, 19, 109
List the prime factors of 45.
3, 5
What are the prime factors of 106485?
3, 5, 31, 229
What are the prime factors of 2586?
2, 3, 431
List the prime factors of 8379.
3, 7, 19
List the prime factors of 3991.
13, 307
What are the prime factors of 28451?
23, 1237
List the prime factors of 1322.
2, 661
What are the prime factors of 18841?
83, 227
What are the prime factors of 24899?
7, 3557
What are the prime factors of 81192?
2, 3, 17, 199
What are the prime factors of 1497?
3, 499
What are the prime factors of 17664?
2, 3, 23
What are the prime factors of 2559?
3, 853
List the prime factors of 1299.
3, 433
List the prime factors of 7710.
2, 3, 5, 257
List the prime factors of 45840.
2, 3, 5, 191
What are the prime factors of 1650?
2, 3, 5, 11
What are the prime factors of 776?
2, 97
What are the prime factors of 122016?
2, 3, 31, 41
What are the prime factors of 3525?
3, 5, 47
List the prime factors of 27448.
2, 47, 73
List the prime factors of 55331.
55331
What are the prime factors of 49531?
49531
What are the prime factors of 10794?
2, 3, 7, 257
List the prime factors of 2774.
2, 19, 73
What are the prime factors of 1070?
2, 5, 107
What are the prime factors of 1729?
7, 13, 19
List the prime factors of 144042.
2, 3, 24007
What are the prime factors of 3573?
3, 397
What are the prime factors of 8851?
53, 167
What are the prime factors of 8551?
17, 503
List the prime factors of 20404.
2, 5101
What are the prime factors of 27326?
2, 13, 1051
What are the prime factors of 994?
2, 7, 71
List the prime factors of 1863.
3, 23
What are the prime factors of 6029?
6029
List the prime factors of 6815.
5, 29, 47
What are the prime factors of 2428?
2, 607
What are the prime factors of 48451?
13, 3727
List the prime factors of 1738.
2, 11, 79
List the prime factors of 375.
3, 5
What are the prime factors of 672?
2, 3, 7
What are the prime factors of 9492?
2, 3, 7, 113
List the prime factors of 1254.
2, 3, 11, 19
List the prime factors of 12123.
3, 449
List the prime factors of 641.
641
List the prime factors of 67208.
2, 31, 271
What are the prime factors of 26824?
2, 7, 479
What are the prime factors of 792?
2, 3, 11
What are the prime factors of 389?
389
What are the prime factors of 1663?
1663
What are the prime factors of 10908?
2, 3, 101
What are the prime factors of 2761?
11, 251
Wha